mainder when 19 is divided by k?
3
Suppose -66*z + 1136 = -37*z - 82. Calculate the remainder when 466 is divided by z.
4
Let h = -11 + 15. Suppose 190 = 4*k - 2*l, -h*l = -3*l + 1. What is the remainder when (-1)/(((-36505)/651)/7 + 8) is divided by k?
46
Suppose -2*h = -514*m + 513*m - 62, 4*m + 132 = 4*h. Let z(s) be the second derivative of s**3/3 + s**2 + 6*s. What is the remainder when h is divided by z(4)?
9
Suppose 5777 + 7486 = 24*v - 3129. What is the remainder when 2067 is divided by v?
18
Let m(f) = -8*f**2 + 43*f - 5. Let v be m(5). What is the remainder when 126/16 - -4*v/320 is divided by 5?
3
Suppose -f = -3*n - 38, 3*f - 37 - 98 = 2*n. Let h = -43 + f. What is the remainder when 2 is divided by (4 + -1)/(6/h)?
0
Let m(w) = w + 200. Calculate the remainder when m(8) is divided by 82.
44
What is the remainder when 1604 is divided by -5 - (-795 - 11)*6/24*4?
2
Suppose 95*g + 1964 = 46*p + 100*g, 5*g + 104 = p. Let u = 195 - 137. Calculate the remainder when u is divided by p.
14
Let m be 2/(1 - 7) + 70/21. Suppose 0 = -q + m*q - 42. What is the remainder when 38 is divided by q?
17
Suppose 0 = k + 3*j - 201, k + 719 = 5*k - 5*j. Calculate the remainder when k is divided by 8.
2
Let n(p) = -17*p + 13 - 12 - 42*p + 13. Let g be n(-7). Suppose -9*l + g = 148. What is the remainder when 185 is divided by l?
30
Let p = -3647 - -3660. Suppose -b = 4*s - 238, -5*b + 149 + 156 = 5*s. What is the remainder when s is divided by p?
7
Let p(c) = 91*c**2 - 25*c + 101. Let g be p(6). Suppose -g = -17*s + 649. Calculate the remainder when s is divided by 10.
8
Let i = -19402 - -19667. Calculate the remainder when 2646 is divided by i.
261
Suppose 3*f = -6, -11*d + 3*f = -7*d - 62. Suppose 0 = -3*v + 3*t + 130 + 215, 5*v - 2*t - 587 = 0. What is the remainder when v is divided by d?
7
Let x(a) be the second derivative of a**3/3 + 35*a**2/2 + 3*a. Let m be x(-17). What is the remainder when 67 is divided by (m*4)/((-15)/((-300)/8))?
7
Calculate the remainder when 752 is divided by 18/54 - (-8)/(-6) - -55.
50
Suppose l + 332 = -3*k + 2*k, 3*k - 12 = 0. Let w = -304 - l. What is the remainder when w is divided by 1/(-1*(-2)/34)?
15
Let k(f) = -5*f**3 + 2*f**2 + 2*f - 5. Let m = -35 + 33. Calculate the remainder when 152 is divided by k(m).
35
Suppose -g + 70 = 2*i + 55, 3*i = 15. Calculate the remainder when 28 is divided by g.
3
Let a be (-3 + 1 + 2)/(-1). Suppose -4*i + 4*k = 4, -5*k - 23 - 2 = a. Calculate the remainder when 700/15 + (-8)/i is divided by 25.
23
Let v(r) = 2*r**2 + 74*r + 160. Calculate the remainder when 84 is divided by v(-35).
4
Let f(p) = 4*p + 16. Let t(m) = -m**2 + 0*m**2 + m + 3*m + 18 - 5*m. Let y be t(4). Calculate the remainder when 103 is divided by f(y).
7
Suppose 42*k = 59*k - 3383. Calculate the remainder when k is divided by 105.
94
Suppose 14*d + m - 94 = 9*d, -2*d = 5*m - 56. Calculate the remainder when ((-85)/(-10))/(-17)*492/(-2) is divided by d.
15
Let v(u) = -14*u**2 + 7*u - 8. Let c(j) = -27*j**2 + 14*j - 16. Let t(z) = 2*c(z) - 5*v(z). Calculate the remainder when t(-2) is divided by 13.
8
Let u(y) = -2*y**3 + 52*y**2 - 48*y - 44. What is the remainder when 6338 is divided by u(25)?
2
Suppose w + 0 = 23. Let h(b) = -2*b - 46. What is the remainder when h(-43) is divided by w?
17
Suppose 0 = 95*n + 4938 + 2377. Let r be (-81)/6*-6 + 1. Let g = r + n. Calculate the remainder when 18 is divided by g.
3
Suppose -41346 = -51*r + 4248. What is the remainder when r is divided by 446?
2
Let k(a) = 8*a**3 - 18*a**2 + 5*a + 44. Let u(w) = w**3 - w**2 + w + 1. Let i(y) = -k(y) + 6*u(y). What is the remainder when i(5) is divided by 10?
7
Let l = -25126 + 25296. What is the remainder when 223 is divided by l?
53
Let z(j) = -715*j + 742. What is the remainder when 1761 is divided by z(1)?
6
Let u be (-8)/(-2)*(-24 + 25). Suppose -v - 8 = k + u*v, -3*k + 2*v + 44 = 0. Let c = k - 0. Calculate the remainder when 23 is divided by c.
11
Let d(o) = -73*o + 2182. Calculate the remainder when d(25) is divided by 113.
18
Let y be ((-186)/15)/(4/(-30)). Let p(f) = f**2 + f - 11. Let b be p(-9). Suppose 4*v = -b + y. Calculate the remainder when 12 is divided by v.
4
Let c = 270 + -298. Calculate the remainder when 33 is divided by c/(-6)*18/7.
9
Let k be 225/(-50)*(8/6)/(-2). Suppose 3*x - k*q = -7*q + 66, 0 = 2*x - 2*q - 58. Let a = -35 - -39. What is the remainder when x is divided by a?
2
Suppose -u + 4*u = 402. Suppose -13 = 4*n - 37. Let h = n - -39. Calculate the remainder when u is divided by h.
44
Let k(y) be the third derivative of -y**6/60 + 4*y**5/15 + y**4/24 + 2*y**3 - 77*y**2. Calculate the remainder when 137 is divided by k(8).
17
Let o = 350 + -492. Let v = o + 157. Let m = -44 - -87. Calculate the remainder when m is divided by v.
13
Let f be 556/8 - (-6)/(-12). Let i = -71 + f. Calculate the remainder when 56 is divided by i/(-16)*-2 - (-121)/4.
26
Let f be 2/((-16)/9 - -2). Let a(s) = 25*s**2 + 3*s - 4 + 10*s - 26*s**2 - 3*s. What is the remainder when 7 is divided by a(f)?
2
Let s(x) = 4*x**2 + 21*x + 2. Suppose -3*q + 29 + 16 = 0. Let u = -21 + q. What is the remainder when 117 is divided by s(u)?
17
Let p = -14964 + 14981. Let g(l) = l**2 + 5*l + 1. Calculate the remainder when g(-9) is divided by p.
3
Suppose 3099*v + 6420 = 3129*v. What is the remainder when 1313 is divided by v?
29
Suppose -56*k = -34*k + 220. Let x = -7 - k. What is the remainder when 33 is divided by x?
0
Let b = 121 - -38. What is the remainder when 497 is divided by b?
20
Suppose -b + 21*b - 120 = 0. Calculate the remainder when 35 is divided by b.
5
Suppose -2*j = 167*f - 171*f + 116, 5*f - 136 = -2*j. Let a = 208 + 14. What is the remainder when a is divided by f?
26
Let w(j) = 2*j + 24. Suppose -d = 3*p - 0*p + 5, -5*p - 11 = d. Calculate the remainder when (-16)/(-12)*78/d is divided by w(-7).
6
Let s = -21275 + 22226. Calculate the remainder when s is divided by 21.
6
Let i(p) = p**2 + 10*p + 15. Let v = -39 + 65. Calculate the remainder when v is divided by i(0).
11
Let h(k) = -399*k**2 - 19 - 14*k + k**3 + 1 + 392*k**2. What is the remainder when 357 is divided by h(9)?
15
Let p be (-4)/(-10)*(227 - -13). Let f = p - 53. Let v = f + -24. What is the remainder when 93 is divided by v?
17
Let w(p) = 6*p**2 - 5*p - 8. Let y be w(-4). Suppose -4*m = -6*m - y. Let h = m - -75. Calculate the remainder when h is divided by 11.
10
Let w(v) = 19*v. Let g be w(3). Suppose 63 = -5*p - 3*d, -4*d + 7 = 5*p + 66. Let j = p + g. Calculate the remainder when j is divided by 23.
19
Suppose 0*t + 25 = 5*t. Let r = 20049 - 20044. What is the remainder when t is divided by r?
0
Let q be 1/4 - (85/20 - -6). What is the remainder when 42/105 - 306/q is divided by 6?
1
Suppose -5331 = -123*o + 2664. What is the remainder when 785 is divided by o?
5
Calculate the remainder when (663/(-221))/(1/2273*-3) is divided by 21.
5
Let j = -3873 + 3986. Calculate the remainder when 790 is divided by j.
112
Let a = 43 + -43. Let y(x) = x**3 + 16. Let c be y(a). What is the remainder when 114 is divided by (c + -4)*(-39)/(-12)?
36
Suppose -200 = 9046*f - 9048*f. What is the remainder when 235 is divided by f?
35
Suppose -3*t + 5*t = 32. Let l be (-3)/((20/5)/(-24)). Calculate the remainder when (59/(-2))/(1 - l/12) is divided by t.
11
Suppose 44*k + 4*p = 40*k - 4, 4*k - 2*p - 20 = 0. What is the remainder when 1178 is divided by k?
2
Suppose -t = -10*k + 5*k + 1100, 0 = -5*t - 25. Calculate the remainder when k is divided by 25.
19
Suppose 0 = -3*i - 5*v + 922, -117*v - 28 = -113*v. Calculate the remainder when i is divided by 314.
5
Let a(t) = -100*t + 28. Calculate the remainder when 1021 is divided by a(-1).
125
Suppose -2*h = 16 - 22. Let l(x) = 5*x - 43. Let g be l(10). Suppose g*k - 124 = h*k. What is the remainder when 61 is divided by k?
30
Calculate the remainder when 54 is divided by 8*1 + -42 + 45.
10
Let m = 14 - 7. Suppose 5*j - 2*p = -216, -3*j - 122 = -3*p - 2*p. Calculate the remainder when 8/j - (-1134)/66 is divided by m.
3
Suppose 13*q + 258 - 1649 = 0. What is the remainder when 532 is divided by q?
104
Let c = -32 - -118. Suppose -18*r = -15*r - 5*q - 93, 0 = r + q - 31. What is the remainder when c is divided by r?
24
Suppose -104*f 